 Let v(d) = 5*d**2 + 8*d + 5. Let x(a) = 3*u(a) + 2*v(a). Give x(h).
1
Let n be 3/(-6) - (-66)/4. Suppose 4*u = n - 8. Let p be u/19 - (-135)/(-19). Let f(l) = -l - 9. What is f(p)?
-2
Let x(m) = -m**3 - 7*m**2 + 6*m + 9. Let j(h) = -4*h**2 + 164*h + 160. Let b be j(42). What is x(b)?
25
Suppose -10*n = -31 + 11. Suppose 5*r - 4 = -n*i + 10, r = 2. Let u(j) = 7 + 11*j**2 + j - 11*j**i + j**2 + 5*j. Determine u(-6).
7
Let b(j) = -6*j**2 + 2351*j + j**3 + 28 - 1180*j + 0*j**3 - 1177*j. What is b(7)?
35
Let x(p) = -p + 1. Let a = 40 - 40. Let y(h) be the second derivative of h**5/20 + h**4/12 - h**3/6 - h**2/2 + 18*h. Let i be y(a). Give x(i).
2
Let b(q) = q**3 - 7*q**2 + 9*q - 11. Suppose 0 = -5*s - 23 + 3. Let v(j) = -j**3 - 6*j**2 - 13*j - 14. Let d be v(s). Give b(d).
7
Let o(y) = -18*y + 20. Let j(s) = -12*s + 13. Let x(m) = 7*j(m) - 5*o(m). Let h be -4*24/16*-1. Determine x(h).
27
Let r(v) = -v**2 - 4*v - 1. Suppose -2*k + 5*w + 152 = 0, 4*k - 5*w + 3*w - 336 = 0. Let d = 81 - k. Determine r(d).
-6
Suppose -18 = m + 3. Let o = 19 + m. Let d(v) = -4*v**3 - 4*v**2 - 2*v - 5. Let l(b) = -9*b**3 - 8*b**2 - 3*b - 11. Let n(g) = 5*d(g) - 2*l(g). Calculate n(o).
5
Let z = 1077 + -1687. Let l = z + 606. Let y(a) = -2*a. Determine y(l).
8
Let x(a) = -11 + 2*a - 22 + 115 - 40. What is x(-18)?
6
Let k(c) be the first derivative of c**3/3 - c**2 - c + 4. Let j(f) = -2*f**3 - f**2 + f + 2. Let b = 37 + -37. Let w be j(b). Determine k(w).
-1
Let s(n) = 6*n**2 - 46*n - 7. Let c(h) = 5*h**2 - 36*h - 6. Let u(m) = -5*c(m) + 4*s(m). Calculate u(3).
-19
Suppose 20*w - 17*w - 120 = 0. Let s be ((-72)/w)/(9/(-30)). Let a(k) = -k**2 + 5 + 1 + 4*k + 0. Calculate a(s).
-6
Let g(n) be the first derivative of 7*n**2/2 + 18*n + 569. Determine g(-7).
-31
Let g(u) = -3*u**2 - 4 + 4 - u. Let s(q) be the second derivative of 3*q**3/2 + 13*q**2 - 118*q. Let j be s(-3). Determine g(j).
-2
Let k(s) = s**3 - 5*s**2 + 4*s. Let m = -459 + 276. Let f = 187 + m. Calculate k(f).
0
Let j(f) = -225*f - 220*f + 11 + 447*f. Let d be -8 + (0 - (-1 - -1)). What is j(d)?
-5
Let g = 17 - 15. Let c(p) = -p**3 + 4*p + 9*p + 5*p**2 + g - 5*p. Suppose 2*t = -3*y, 3*t + 3*y = -2*t + 18. Give c(t).
14
Let s be 6/(-120) - 2641/380. Let t(h) = -2*h + 10. Calculate t(s).
24
Let r(b) = b**2 - 8*b - 22. Let i(s) = -205*s - 9823. Let o be i(-48). What is r(o)?
131
Let y(c) be the first derivative of c**4/4 + 7*c**3/3 + 5*c**2/2 + 2*c + 322. Let f(i) = 3*i**2 + 80*i - 32. Let b be f(-27). Give y(b).
27
Suppose 0 = 2*y - r - 8, 5*y + 0*r + 4*r = 7. Let a(d) = -y*d + 4 - 2 - 816*d**2 + 815*d**2. Determine a(1).
-2
Suppose -2*a = -j + 5 + 4, 0 = -2*j - a - 12. Let x(f) = f**3 + 3*f**2 - 2*f + 1. Give x(j).
7
Let q = -30 - -32. Suppose 0 = -3*x - j + 76, -q*x + 68 = -0*j + 5*j. Let s(l) = x*l**3 - 3*l**2 + l + 6 - 25*l**3 + 2*l**2. Give s(0).
6
Let s = -400 - -451. Suppose 4*g + p = s, 0*g - 3*g + 3*p + 42 = 0. Let d(m) = m**2 - 15*m + 24. Determine d(g).
-2
Let h be (9/(6 + -24))/(2/(-92)). Let k(m) = -45 - h*m + 41 + 25*m. Calculate k(3).
2
Let w(u) = 24*u - 143. Let q = 833 + -827. Calculate w(q).
1
Let a(g) = 4*g**2 + 56*g - 55. Suppose 3*x + 5*m = -75, 5*x - 142*m + 63 = -140*m. What is a(x)?
5
Let g(r) = -1184*r**2 - 7*r + 5*r + 1185*r**2 - 3 - 5*r. Let o(t) = 9*t**2 - t - 1. Let i be o(-1). Give g(i).
15
Let s(r) = 5*r**2 + 2*r - 2. Let v = 24 - 20. Let d(y) = y**2 + 7*y + 8*y**2 - 5*y - 3*y**2 - 2. Let i(z) = v*d(z) - 5*s(z). Determine i(-2).
2
Let n(s) = -76*s**3 - 40*s**2 + 9*s - 20. Let h(r) = 13*r**3 + 4*r**2 - 2*r. Let b(d) = -6*h(d) - n(d). Give b(9).
-115
Let v(d) be the second derivative of -d**3/6 + 8*d**2 + d. Let i be 2*(18/(-27) - 16/(-6)). Let c be i/(-4 - (-132)/30). Give v(c).
6
Let n(y) = 4*y**2 - 13*y - 101. Let g be n(14). Let s(m) = -251*m + g*m - 46 - 251*m + m**2. What is s(0)?
-46
Let d(i) = 18*i - 44. Let y(w) = 15*w - 37. Let j(c) = 6*d(c) - 7*y(c). Determine j(7).
16
Let j(q) = -q**2 - 17*q - 115. Let p(h) = -4*h**2 - 64*h - 462. Let a(l) = -9*j(l) + 2*p(l). What is a(-18)?
-15
Let b(v) be the first derivative of v**2/2 - 4*v - 2124. Determine b(-1).
-5
Let n be (13/(208/12))/((-10)/120). Let q(i) = -11*i - 84. Determine q(n).
15
Let b(l) = l**3 + 6*l**2 - 3*l + 6. Let p(h) = -9*h - 36. Let r be p(-13). Let g = -88 + r. What is b(g)?
-22
Suppose -2*c + 610 = -554. Let t(p) = 11 + 295*p + 286*p - c*p. Give t(7).
4
Let q(p) be the third derivative of p**6/120 + p**5/15 - p**4/3 - 5*p**3/6 + 92*p**2. Let y(m) = -4*m**2 - 25*m + 16. Let j be y(-7). Calculate q(j).
10
Let a(b) = b**2 - b - 3. Let w = 179 - 176. What is a(w)?
3
Let q(f) = -3*f + 94 + 6*f - 4*f + 103 + f**2 - 180. Let k = -78 + 78. Calculate q(k).
17
Let b(n) = 5*n**2 + 3*n - 2. Suppose -5*k = -y - 5, 4*y - 1 = 6*k - 7*k. Let q be b(k). Let s(f) = -f**3 + 6*f**2 - 5*f + 3. What is s(q)?
-27
Suppose -b - 3*b + 20 = 0. Suppose 26 = 16*o - 6. Let m(z) = -b*z - o*z**2 - 48 - z**2 - z**2 + z**3 + 49. Determine m(5).
1
Let i(t) be the first derivative of -5*t**2/2 + 17*t + 939. Determine i(6).
-13
Let d = -371 + 366. Let h(p) = -p + 5*p - 10*p + 7*p - 4. Calculate h(d).
-9
Let c(s) = 126*s - 162. Let i(z) = 65*z - 67. Let q(b) = 3*c(b) - 5*i(b). Determine q(3).
8
Let n(r) = -13*r**2 + 2*r - 29. Let j(v) = -7*v**2 + v - 15. Let c(h) = 11*j(h) - 6*n(h). Let y be 90/765 + 16/(-136). What is c(y)?
9
Let u(c) be the first derivative of -17*c**2/2 - 30*c - 3055. Determine u(-4).
38
Suppose -2*r + 8 = 0, 15*r = 2*c + 11*r + 8. Let l(s) be the first derivative of -1/3*s**3 + 2*s**2 - 1 - 2*s. Give l(c).
-2
Let c(x) be the second derivative of -11*x**3/6 - 18*x**2 - x + 1202. What is c(-3)?
-3
Let g(h) = 2*h**3 - 28*h**2 + 18*h + 32. Let r be g(14). Let m = r + -273. Let w(z) = z**2 - 12*z + 5. Determine w(m).
-6
Suppose 5*w = -4*p - 29, -p + 0*w - 6 = w. Let x(z) be the second derivative of 21*z + 9 - 3*z**3 - 11 + 14*z**3 - 9*z**3. Determine x(p).
-12
Let v = 134 + -122. Let j(r) = 188*r + 184*r - v - 374*r. Give j(-5).
-2
Let q(i) = 2*i - 12. Let s be q(3). Let g(x) = -x**2 - 13*x - 19. Let h be g(s). Suppose 3*u = -5*l - h - 9, 32 = -3*l - 5*u. Let z(d) = d - 1. Calculate z(l).
-5
Suppose 2*n - 132 = -247 + 127. Let u be 0 + 12 + -1 + 1. Let j be ((-1)/((-5)/n))/(u/(-80)). Let h(d) = d**3 + 8*d**2 - d + 9. What is h(j)?
17
Let u(b) = -1 - 7*b - 5*b + 2*b + 27*b. Let a(v) = 47*v - 3. Let w(p) = -4*a(p) + 11*u(p). Calculate w(-1).
2
Let t(i) be the third derivative of 23*i**5/60 - i**4/3 - 7*i**3/6 - 9*i**2 - 516*i. Give t(-1).
24
Let v(s) = -s - 6. Let j(o) = -7*o - 49. Let c(z) = 2*j(z) - 17*v(z). Let y be ((-20)/25)/1*-5. Calculate c(y).
16
Let x(s) = 2*s**2 + 10*s + 6. Let b(d) be the first derivative of 2*d**3/3 + d**2 + 49. Let p(l) = 2*b(l) - x(l). Calculate p(3).
-6
Let y = 11 - 8. Let n(c) = -1 + 72*c**3 - 167*c**3 - 3*c - c**2 + 96*c**3. What is n(y)?
8
Let y(h) be the third derivative of -h**6/120 + h**5/10 - h**4/24 + h**3 + 206*h**2. Calculate y(6).
0
Let j(o) = -5*o**2 - 6*o + 3. Suppose -m + 4 = -1. Let p(l) = -4*l**2 - 6*l + 3. Let t(s) = m*j(s) - 6*p(s). Let n = -305 + 310. Determine t(n).
2
Let a(j) = -j**3 - j**2 + 3*j + 4. Let f = -4630 + 4629. What is a(f)?
1
Let r(y) = -12*y - 62. Let a be 15/(-2)*(-18)/(-27). Let d be r(a). Let z(u) = 2*u**3 + u**2 - u + 2. Determine z(d).
-8
Let v(q) = -4*q**2 - 538*q - 1829. Let h be v(-131). Let k(f) = f**2 - 2*f**2 + 7*f - f - 2. Determine k(h).
3
Let w(p) be the third derivative of -5*p**4/24 - p**3/6 - 21*p**2 + 143*p - 1. What is w(13)?
-66
Let v(t) = t**3 + 16*t**2 + 14*t + 9. Let z be v(-15). Suppose -4*a + z = -3*i - 3, -8 = i - a. Let b(q) = -2*q - 4. Calculate b(i).
6
Let w(s) = s**2 + 5*s + 3. Let n(v) = v**2 + 20*v + 9. Let y be n(-21). Suppose 2*c = 4*c - 5*b + 25, y = -3*c + 5*b. Give w(c).
3
Let a(i) = 8*i - 1. Let b(f) = -3*f - 36 + 35 + 7*f + 3*f. Let w(p) = -6*a(p) + 7*b(p). Determine w(0).
-1
Suppose -19*o + 5747 = 5652. Let h(u) = -21 - 23 - 15 + 11*u - u**2 + 55. Determine h(o).
26
Suppose 2*p - 38*p = -87*p. Let o(b) = b**2 + 2*b + 17. Give o(p).
17
Let f(z) = -932. Let g(u) = -u + 2110. Let n(l) = 9*f(l) + 4*g(l). What is n(13)?
0
Let r(z) = -z**3 - 16*z**2 + 5*z + 4. Let u(y) = -5*y**2 + y. Let o(b) = -r(b) + 3*u(b). Calculate o(-3).
-16
